e remainder when 151 is divided by u?
49
Let y be 237/79 - (-2)/((-4)/(-2)). Suppose 0 = r - 1, -w + 112 + 46 = y*r. Calculate the remainder when w is divided by 43.
25
Suppose 0*h = 33*h + 66. What is the remainder when 278 is divided by 42/2 - (8/8 - h)?
8
Let f be 286/(-26) - ((-2)/(-2) - -1). Let g(z) = -4*z - 52. Let c be g(f). Suppose 7*l = -c*l + 147. What is the remainder when 41 is divided by l?
20
Let j be 1242/(-4) - 12/8. Let x = j + 318. What is the remainder when 35 is divided by x?
5
Let x be 270/((-6)/12*-2). Suppose 30*z - 33*z + x = 0. Calculate the remainder when z is divided by 23.
21
Let f = -3569 + 3610. Calculate the remainder when 151 is divided by f.
28
Let g(u) = -7*u + 2646 + 20*u - 2758 + 17*u. What is the remainder when 131 is divided by g(4)?
3
Let m(j) be the third derivative of -j**5/30 + j**4/3 - 2*j**3/3 + 18*j**2. Let x be m(3). What is the remainder when 92 is divided by -2 + 64/x + 1?
30
Suppose 539 + 413 = 34*m. What is the remainder when m is divided by (-42)/4*(-24)/18?
0
Suppose -44*j = -59*j + 6098 + 3877. Calculate the remainder when j is divided by 218.
11
Let c = 35 + -24. Let n = 82 + -204. Calculate the remainder when (-3)/(-9) - n/3 is divided by c.
8
Let b = -145 - 101. Let c = -230 - b. Suppose -625 = -2*n - 3*n. Calculate the remainder when n is divided by c.
13
Suppose 15*r + 26*r = 21*r + 560. What is the remainder when 29 is divided by r?
1
Suppose 18*w = j + 1541 + 414, -5*w - 5*j = -580. Calculate the remainder when 740 is divided by w.
86
Let r = 2121 + -1849. What is the remainder when r is divided by 8?
0
Suppose 0 = -5*f + 2*j + 309, -315*f + j = -312*f - 186. What is the remainder when 1969 is divided by f?
16
Suppose 100*m - 95*m - 40 = 0. Let r be (-2)/(-7) - (-766)/14. Suppose -g + 2*g - r = 0. Calculate the remainder when g is divided by m.
7
Suppose 11*r = 10*r + 9. Suppose 0 = 3*s + 12, -2*p - 4*s = -8*s - 16. Suppose 0 = -r*z - p*z + 207. What is the remainder when 41 is divided by z?
18
Suppose 139 = 15*h - 146. Let l(n) = n**2 - 19*n + 9. What is the remainder when 3/((-9)/6) - -26 is divided by l(h)?
6
Suppose 4*r = i + 1632, -245*r = -242*r - 3*i - 1233. Calculate the remainder when r is divided by 153.
101
Let q(h) = h**2 - 45*h - 5 - 7 + 39*h + 3. Let t be q(8). Suppose t*l + 330 = 13*l. Calculate the remainder when l is divided by 15.
10
Let k = -290 - -489. What is the remainder when k is divided by 57?
28
Suppose -4*t = -57 + 41. Suppose 5*y = -t*f + 69, 0 = 5*f + 5*y - 30 - 50. What is the remainder when 33 is divided by f?
0
Let j = -23831 - -23959. What is the remainder when 22269 is divided by j?
125
Suppose -5*x + 124 = -2*p, -2*x - x = -p - 74. What is the remainder when 33 is divided by (x/(-40) - 56/(-10)) + 20?
8
Suppose -v = 2*f - 1001, -547*f + 552*f + 2020 = 2*v. What is the remainder when v is divided by 48?
45
Suppose -103*c + 99*c = -5*y - 2877, 3*c = 3*y + 2160. What is the remainder when c is divided by 89?
11
Suppose 3*i - 706 = -5*k - 125, -5*i - 3*k + 947 = 0. Let h = i - 120. Calculate the remainder when h is divided by 14.
11
Let a be (-6)/(-2) - 4*6. Let i = 113 - 88. Let q = i + a. What is the remainder when 6 is divided by q?
2
Suppose 2*k = 3*t - 9174, -726*t = -728*t - 2*k + 6116. What is the remainder when t is divided by 85?
83
Let m = 562 + -523. Suppose 5*l - 140 = -2*l. What is the remainder when m is divided by l?
19
What is the remainder when -4*3/16*5514*4/(-6) is divided by 69?
66
Suppose 5*k = 2*d - 148, -5*d + 0*k + 370 = 4*k. Let n = 222 - d. Calculate the remainder when n is divided by 50.
48
Suppose -19*b + 20*b = 63. Let s be (-35)/(-8) + b/(-168). Suppose -m = -a + s, 3*a = m - 1 + 11. Calculate the remainder when 10 is divided by a.
1
Let r = 265071 - 265034. Suppose -5*a + 121 = -3*a - 5*q, 4*q - 80 = -a. What is the remainder when a is divided by r?
31
Suppose 0 = 18*a - 81 - 27. Let c(f) = f**3 - 8*f**2 + 7*f - 3. Let l be c(7). What is the remainder when a is divided by 7 + l/(2 - 1)?
2
Suppose 0 = 2*s - 24 - 8. Suppose -58 = -s*n + 6. Calculate the remainder when (-33)/(-11)*(-31)/(-3) is divided by n.
3
Let n = 16612 - 15321. Calculate the remainder when n is divided by 265.
231
Let j(x) = 18*x - 457. What is the remainder when j(37) is divided by (5 - -2)*(-2 + 11 - 4)?
34
Let h = 23 + 28. Suppose 17*l = -0*l - 1904. Let j = 139 + l. Calculate the remainder when h is divided by j.
24
Let i(r) = 17*r**2 + 16*r - 2. Calculate the remainder when i(7) is divided by 241.
220
Let b(a) = a**2 + 23*a + 55. Let f be b(-20). Let c be 2*(7 - (f + 5)). Suppose -c*l + 12*l = -22. What is the remainder when 30 is divided by l?
8
Suppose 4*o = 4*g - 660, 9*g - 4*o = -2*o + 1485. What is the remainder when g is divided by 34?
29
Let s(i) = i**3 + 12*i**2 + 4*i - 7. Let l be s(-10). Suppose -160*h + 938 = -l*h. Calculate the remainder when h is divided by 23.
19
Let n(d) = -d**2 - 22*d + 102. Calculate the remainder when 301 is divided by n(-23).
64
Suppose -3*p = -100 - 173. What is the remainder when p is divided by 18?
1
Suppose -2*h + 3*r - 8*r + 149 = 0, -h + 72 = 5*r. Calculate the remainder when 155 is divided by h.
1
Let r = 74 - 46. Let b = -82 + 86. Suppose -32 = -b*c - t, 3*t + 18 = 3*c - 6. Calculate the remainder when r is divided by c.
4
Let h be (-781)/22 + (1 - 5/2). Let q = h - -162. What is the remainder when q is divided by 42?
41
Let m = 51 + 47. Let x(y) = 41 - 6*y - 3*y + 103 - y. What is the remainder when m is divided by x(11)?
30
Suppose 89360 = -892*g + 902*g. Calculate the remainder when g is divided by 60.
56
Let c be (-12)/(-28) + (-1859)/91. Calculate the remainder when 360 + (-2)/8*c is divided by 8.
5
Calculate the remainder when (-29253)/(-70) - 8/(-80) is divided by 155.
108
Suppose 0 = 5*c - 59 - 986. What is the remainder when c + 0 + (-12 - -15 - -2) is divided by 18?
16
Let r = -76 + 113. Suppose -101 = -8*n - 5. Calculate the remainder when r is divided by n.
1
Let f(n) = 27*n + 82. Let m be f(4). Suppose -11*k + m = 58. What is the remainder when 378/8 + (-2)/8 is divided by k?
11
Suppose 9*z - 3291 - 1299 = 0. What is the remainder when 523 is divided by z?
13
Suppose 326154 = 141*t - 197661. What is the remainder when t is divided by 186?
181
Let l(z) = -17*z - 107. Suppose -3*p = -0*p - 3*d - 18, -4*p - 4*d = -48. What is the remainder when l(-8) is divided by p?
2
Suppose 39*b - q = 34*b + 1306, -b + 5*q + 290 = 0. Calculate the remainder when 1556 is divided by b.
256
Let g(c) = 28*c**2 - 2*c + 2. Let w be g(-3). Let x = 154 + -308. Let t = w + x. Calculate the remainder when t is divided by 18.
16
Let u(l) = 303*l - 102. What is the remainder when u(4) is divided by 227?
202
Let p = 10252 + -10216. Let d(l) = -16*l + 7. Let w = -13 - -7. What is the remainder when d(w) is divided by p?
31
Suppose -4*n + 620 - 252 = 0. Calculate the remainder when n is divided by (59/236)/(-1 + (-567)/(-564)).
45
Suppose -w - 81 = -2*g, 0 = -3*g + 3*w - 0*w + 120. Suppose 5*i - 84 = g. Calculate the remainder when i is divided by (-1)/(5/4) + 78/10.
4
Let p(y) = -2*y + 15. Let r be p(0). Suppose 2*s + 0*s - r = -5*m, 0 = s - 5*m. Suppose 27*h - s = 26*h. Calculate the remainder when 28 is divided by h.
3
Let o(m) = -322*m + 404. Let f(i) = -i**3 + i**2 + 14. Calculate the remainder when o(1) is divided by f(0).
12
Let o(p) be the second derivative of -p**3/2 + 19*p**2 + 21*p. Let w be o(12). Calculate the remainder when 8*7/w*(-11 + 13) is divided by 29.
27
Let b = -6 - -8. Suppose 0 = -b*c + 8, 5*y + 11 = 4*y + 4*c. Suppose -4*v - 4*q = -136, -9*v = -13*v + 5*q + 73. What is the remainder when v is divided by y?
2
Let b = 4689 - 4659. Calculate the remainder when 987 is divided by b.
27
Let n = -7 + 42. What is the remainder when 38659/804 + -48 - 4389/(-36) is divided by n?
17
Let t(l) = -113*l**3 + 16*l**2 + 52*l - 3. What is the remainder when t(-3) is divided by 10?
6
Let g(p) = p**3 + 6*p**2 - 16*p - 43. Suppose -28 = 5*u - 3*c, -2*u + 11*c - 13 = 8*c. Calculate the remainder when g(u) is divided by 9.
8
What is the remainder when 1089 is divided by 41 + (-2)/(-3)*(-36 + 33)?
36
Suppose 0 = c - 3*q + 116, 434 = -4*c - 0*q - 3*q. Let y be (-3714)/(-22) + (-20)/c. Let t = y + -107. Calculate the re